{"id":1044,"date":"2012-07-05T17:03:31","date_gmt":"2012-07-05T20:03:31","guid":{"rendered":"http:\/\/isan.med.br\/web\/?page_id=1044"},"modified":"2022-01-20T19:29:37","modified_gmt":"2022-01-20T22:29:37","slug":"convenios","status":"publish","type":"page","link":"https:\/\/isan.med.br\/web\/convenios\/","title":{"rendered":"Conv\u00eanios"},"content":{"rendered":"<p>[et_pb_section fb_built=&#8221;1&#8243; admin_label=&#8221;Se\u00e7\u00e3o&#8221; _builder_version=&#8221;3.22&#8243; use_background_color_gradient=&#8221;on&#8221; background_color_gradient_start=&#8221;#840b00&#8243; background_color_gradient_end=&#8221;#871205&#8243; global_colors_info=&#8221;{}&#8221;][et_pb_row admin_label=&#8221;Linha&#8221; _builder_version=&#8221;3.25&#8243; global_colors_info=&#8221;{}&#8221;][et_pb_column type=&#8221;4_4&#8243; _builder_version=&#8221;3.25&#8243; custom_padding=&#8221;|||&#8221; global_colors_info=&#8221;{}&#8221; custom_padding__hover=&#8221;|||&#8221;][et_pb_text admin_label=&#8221;Texto&#8221; _builder_version=&#8221;3.27.4&#8243; global_colors_info=&#8221;{}&#8221;]<\/p>\n<h1><span style=\"color: #ffffff;\"><strong>Conv\u00eanios<\/strong><\/span><\/h1>\n<p>[\/et_pb_text][\/et_pb_column][\/et_pb_row][\/et_pb_section][et_pb_section fb_built=&#8221;1&#8243; admin_label=&#8221;section&#8221; _builder_version=&#8221;3.22&#8243; custom_padding=&#8221;54px|0px|0px|0px&#8221; global_colors_info=&#8221;{}&#8221;][et_pb_row admin_label=&#8221;row&#8221; _builder_version=&#8221;3.25&#8243; background_size=&#8221;initial&#8221; background_position=&#8221;top_left&#8221; background_repeat=&#8221;repeat&#8221; custom_padding=&#8221;27px|0px|0px|0px&#8221; global_colors_info=&#8221;{}&#8221;][et_pb_column type=&#8221;4_4&#8243; _builder_version=&#8221;3.25&#8243; custom_padding=&#8221;|||&#8221; global_colors_info=&#8221;{}&#8221; custom_padding__hover=&#8221;|||&#8221;][et_pb_text admin_label=&#8221;Text&#8221; _builder_version=&#8221;3.27.4&#8243; global_colors_info=&#8221;{}&#8221;]<\/p>\n<h1><strong>Lista de Conv\u00eanios Atendidos<\/strong><\/h1>\n<h2>Polissonografia<\/h2>\n<p>&nbsp;<br \/>\n[\/et_pb_text][\/et_pb_column][\/et_pb_row][et_pb_row admin_label=&#8221;Linha&#8221; _builder_version=&#8221;3.25&#8243; background_size=&#8221;initial&#8221; background_position=&#8221;top_left&#8221; background_repeat=&#8221;repeat&#8221; global_colors_info=&#8221;{}&#8221;][et_pb_column type=&#8221;4_4&#8243; _builder_version=&#8221;3.25&#8243; custom_padding=&#8221;|||&#8221; global_colors_info=&#8221;{}&#8221; custom_padding__hover=&#8221;|||&#8221;][et_pb_image src=&#8221;https:\/\/isan.med.br\/web\/wp-content\/uploads\/2019\/04\/convenioshbh.jpg&#8221; align_tablet=&#8221;center&#8221; align_phone=&#8221;&#8221; align_last_edited=&#8221;on|desktop&#8221; admin_label=&#8221;Imagem&#8221; _builder_version=&#8221;3.23&#8243; animation_style=&#8221;slide&#8221; animation_direction=&#8221;left&#8221; animation_duration=&#8221;500ms&#8221; animation_intensity_slide=&#8221;10%&#8221; global_colors_info=&#8221;{}&#8221;]&nbsp;<br \/>\n[\/et_pb_image][\/et_pb_column][\/et_pb_row][\/et_pb_section][et_pb_section fb_built=&#8221;1&#8243; admin_label=&#8221;Se\u00e7\u00e3o&#8221; _builder_version=&#8221;3.22&#8243; custom_padding=&#8221;0px|0px|54px|0px&#8221; global_colors_info=&#8221;{}&#8221;][et_pb_row column_structure=&#8221;1_4,1_4,1_4,1_4&#8243; admin_label=&#8221;Linha&#8221; _builder_version=&#8221;3.25&#8243; background_size=&#8221;initial&#8221; background_position=&#8221;top_left&#8221; background_repeat=&#8221;repeat&#8221; global_colors_info=&#8221;{}&#8221; width=&#8221;79.7%&#8221;][et_pb_column type=&#8221;1_4&#8243; _builder_version=&#8221;3.25&#8243; custom_padding=&#8221;|||&#8221; global_colors_info=&#8221;{}&#8221; custom_padding__hover=&#8221;|||&#8221;][et_pb_text admin_label=&#8221;Texto&#8221; _builder_version=&#8221;3.27.4&#8243; global_colors_info=&#8221;{}&#8221;]<\/p>\n<p>AFFEGO<br \/>ALLIANZ<br \/>ASPDF<br \/>AFEB BRASAL<br \/>BACEN<br \/>BRADESCO<br \/>BRB<br \/>CAMED<br \/>CAEME-GO<br \/>CARE PLUS<br \/>CASSI<br \/>CODEVASF<br \/>CONAB<\/p>\n<p>[\/et_pb_text][\/et_pb_column][et_pb_column type=&#8221;1_4&#8243; _builder_version=&#8221;3.25&#8243; custom_padding=&#8221;|||&#8221; global_colors_info=&#8221;{}&#8221; custom_padding__hover=&#8221;|||&#8221;][et_pb_text admin_label=&#8221;Texto&#8221; _builder_version=&#8221;3.27.4&#8243; border_style=&#8221;solid&#8221; global_colors_info=&#8221;{}&#8221;]<\/p>\n<p>EMBRATEL<br \/> EMBRAPA<br \/> ELETRONORTE<br \/> FACEB<br \/>FAPES (BNDES)<br \/> FUSEX<br \/> GAMA SA\u00daDE<br \/> GDF SA\u00daDE<br \/> INFRAERO<br \/>LIFE EMPRESARIAL<br \/>NOTRE DAME<br \/> OMINT SA\u00daDE<\/p>\n<p>[\/et_pb_text][\/et_pb_column][et_pb_column type=&#8221;1_4&#8243; _builder_version=&#8221;3.25&#8243; custom_padding=&#8221;|||&#8221; global_colors_info=&#8221;{}&#8221; custom_padding__hover=&#8221;|||&#8221;][et_pb_text admin_label=&#8221;Texto&#8221; _builder_version=&#8221;3.27.4&#8243; border_style=&#8221;solid&#8221; global_colors_info=&#8221;{}&#8221;]<\/p>\n<p>PLAN ASSISTE<br \/>POL\u00cdCIA MILITAR<br \/>PETROBRAS DISTRIBUIDORA<br \/>PETROBRAS PETR\u00d3LEO<br \/>PORTO SEGURO<br \/>POSTAL SA\u00daDE<br \/>PROASA<br \/>REAL GRANDEZA<br \/>SA\u00daDE CAIXA<br \/>SERPRO<br \/>STF &#8211; MED<\/p>\n<p>[\/et_pb_text][\/et_pb_column][et_pb_column type=&#8221;1_4&#8243; _builder_version=&#8221;3.25&#8243; custom_padding=&#8221;|||&#8221; global_colors_info=&#8221;{}&#8221; custom_padding__hover=&#8221;|||&#8221;][et_pb_text admin_label=&#8221;Texto&#8221; _builder_version=&#8221;4.13.0&#8243; hover_enabled=&#8221;0&#8243; border_style=&#8221;solid&#8221; global_colors_info=&#8221;{}&#8221; sticky_enabled=&#8221;0&#8243;]<\/p>\n<p>STM<br \/>SULAM\u00c9RICA<br \/>STJ<br \/>TJDFT<br \/>TRF<br \/>TRT<br \/>TST<br \/>TRE<br \/>UNAFISCO<br \/>UNIMED PLANALTO<br \/>UNIMED CENTRAL &#8211; CNU<\/p>\n<p>[\/et_pb_text][\/et_pb_column][\/et_pb_row][\/et_pb_section]<\/p>\n","protected":false},"excerpt":{"rendered":"<p>Conv\u00eanios Lista de Conv\u00eanios Atendidos Polissonografia &nbsp; &nbsp; AFFEGOALLIANZASPDFAFEB BRASALBACENBRADESCOBRBCAMEDCAEME-GOCARE PLUSCASSICODEVASFCONABEMBRATEL EMBRAPA ELETRONORTE FACEBFAPES (BNDES) FUSEX GAMA SA\u00daDE GDF SA\u00daDE INFRAEROLIFE EMPRESARIALNOTRE DAME OMINT SA\u00daDEPLAN ASSISTEPOL\u00cdCIA MILITARPETROBRAS DISTRIBUIDORAPETROBRAS PETR\u00d3LEOPORTO SEGUROPOSTAL SA\u00daDEPROASAREAL GRANDEZASA\u00daDE CAIXASERPROSTF &#8211; MEDSTMSULAM\u00c9RICASTJTJDFTTRFTRTTSTTREUNAFISCOUNIMED PLANALTOUNIMED CENTRAL &#8211; CNU<\/p>\n","protected":false},"author":1,"featured_media":970,"parent":0,"menu_order":0,"comment_status":"closed","ping_status":"closed","template":"","meta":{"_et_pb_use_builder":"on","_et_pb_old_content":"<h1><span style=\"color: #ff0000;\"><strong>Lista de Conv\u00eanios Atendidos<\/strong><\/span><\/h1>\r\n<h2>Polissonografia<\/h2>\r\n[list type=\"bullet\"][li] ALLIANZ [\/li] [li]\u00a0ASPDF [\/li] [li]BACEN[\/li][li] BRADESCO[\/li]\r\n\r\n[li]BRB[\/li]\r\n[li]CAMED[\/li]\r\n[li]CASSI[\/li]\r\n[li]CODEVASF[\/li]\r\n[li]CONAB[\/li]\r\n\r\n[li]EMBRATEL[\/li]\r\n[li]EMBRAPA[\/li]\r\n[li]ELETRONORTE[\/li]\r\n[li]FACEB[\/li]\r\n[li]GAMA SA\u00daDE[\/li]\r\n[li]GEAP - Somente consulta[\/li]\r\n[li]INFRAERO[\/li]\r\n[li]MEDSERVICE[\/li]\r\n\r\n[li]OMINT[\/li]\r\n[li]PLAN ASSISTE [\/li]\r\n\r\n[li]PETROBRAS[\/li]\r\n\r\n[li]PMDF [\/li]\r\n[li]POSTAL SA\u00daDE[\/li]\r\n[li]PROASA[\/li]\r\n[li]SA\u00daDE CAIXA[\/li]\r\n[li]SERPRO[\/li]\r\n[li]STF - MED[\/li]\r\n\r\n[li]STM[\/li]\r\n[li]SULAM\u00c9RICA[\/li]\r\n[li]STJ[\/li]\r\n[li]TJDFT[\/li]\r\n[li]TRF[\/li]\r\n[li]TRT[\/li]\r\n[li]TST[\/li]\r\n[li]TRE[\/li]\r\n[li]UNAFISCO[\/li]\r\n[li]UNIMED NACIONAL 865[\/li]\r\n\r\n[li]UNIMED PLANALTO[\/li]\r\n\r\n[\/list]\r\n\r\n\u00a0","_et_gb_content_width":"","footnotes":""},"class_list":["post-1044","page","type-page","status-publish","has-post-thumbnail","hentry"],"_links":{"self":[{"href":"https:\/\/isan.med.br\/web\/wp-json\/wp\/v2\/pages\/1044","targetHints":{"allow":["GET"]}}],"collection":[{"href":"https:\/\/isan.med.br\/web\/wp-json\/wp\/v2\/pages"}],"about":[{"href":"https:\/\/isan.med.br\/web\/wp-json\/wp\/v2\/types\/page"}],"author":[{"embeddable":true,"href":"https:\/\/isan.med.br\/web\/wp-json\/wp\/v2\/users\/1"}],"replies":[{"embeddable":true,"href":"https:\/\/isan.med.br\/web\/wp-json\/wp\/v2\/comments?post=1044"}],"version-history":[{"count":0,"href":"https:\/\/isan.med.br\/web\/wp-json\/wp\/v2\/pages\/1044\/revisions"}],"wp:featuredmedia":[{"embeddable":true,"href":"https:\/\/isan.med.br\/web\/wp-json\/wp\/v2\/media\/970"}],"wp:attachment":[{"href":"https:\/\/isan.med.br\/web\/wp-json\/wp\/v2\/media?parent=1044"}],"curies":[{"name":"wp","href":"https:\/\/api.w.org\/{rel}","templated":true}]}}